*w - 5 = 0. Let a = 26 + w. What is the remainder when 62 is divided by a?
20
Suppose t = -n - 3*n + 12, -4*t = n - 18. Suppose 5*m = t*r + 90, 7*m - 120 = 2*m - 2*r. What is the remainder when 85 is divided by m?
19
Suppose 3*a - 19 = -2*r, -2*r + 5*a = 3*a - 44. Calculate the remainder when 66 is divided by r.
15
Let r = 1 + 3. Calculate the remainder when -2 + 1 - (-42 - r) is divided by 24.
21
Suppose -5*c + 8 = -w, -2*c = 4*w - 4*c - 4. What is the remainder when 34 - ((w - 3) + 2) is divided by 12?
9
Let r(x) be the first derivative of x**2/2 - 3*x + 2. Calculate the remainder when r(7) is divided by 3.
1
Let b be ((-6)/(-8))/(6/48). Suppose b*t - 3*t = 0. Suppose -81 = -5*i + 2*d - 17, 2*i - 3*d - 19 = t. What is the remainder when i is divided by 8?
6
Let w = -13 + 12. Calculate the remainder when (4 + -5)/(w/49) is divided by 26.
23
Suppose -19*q + 15*q + 16 = 0. Calculate the remainder when 23 is divided by q.
3
Let u = 10 + -1. Let w = 0 + u. What is the remainder when 25 is divided by w?
7
Calculate the remainder when ((-15)/(-10))/((-2)/(-24)) is divided by 10.
8
Let r be 2/(-11) + 6738/33. Suppose 0 = -8*m + 5*m + r. Calculate the remainder when m is divided by 23.
22
Let f = 32 - 24. What is the remainder when 30 is divided by f?
6
Suppose 2*w + 0*w = 88. Suppose 0 = m - 5*u - w, 5*u - 3*u + 86 = 4*m. Calculate the remainder when m is divided by 7.
5
Let b(w) = -6*w - 24. What is the remainder when 70 is divided by b(-6)?
10
Let f be 43/(-2) + (-1)/(-2). Let t = f + 34. Calculate the remainder when (-5 + 1)*(-76)/8 is divided by t.
12
Suppose -s - s + 114 = 0. Let l = -5 - -7. Suppose i = -5*j, 88 = 5*i + l*j + 19. What is the remainder when s is divided by i?
12
Suppose 16 = 2*y + 38. Let t = 63 - 32. What is the remainder when t is divided by (-1*4 - -3)*y?
9
Let g(u) = 5*u - 12. Calculate the remainder when g(4) is divided by 8.
0
Let f(r) = r**2 + 3*r - 7. Let i be f(-5). What is the remainder when 2/((-2)/i) - -12 is divided by 5?
4
Let v = -26 - -16. Let p = v + 23. Suppose 4*z - p = 31. Calculate the remainder when 31 is divided by z.
9
Let t = 28 - 17. Suppose -5*m - 5*w = -w + 83, -26 = 2*m - 2*w. Let d = 36 + m. What is the remainder when d is divided by t?
10
Suppose 18 = 4*h - 2. Suppose 0*a + a + 80 = 3*l, h*a - 25 = -2*l. Suppose -t = 3*t - 52. What is the remainder when l is divided by t?
12
Let n(r) = -r**2 - 8*r + 10. Let t = -18 - -10. Calculate the remainder when 38 is divided by n(t).
8
Let y = 74 + -35. Calculate the remainder when y is divided by 12.
3
Suppose 0 = 4*j + 20, 3*p + 10 = 2*p - 4*j. What is the remainder when 37 is divided by p?
7
Let s = -49 + 57. Calculate the remainder when s is divided by 3.
2
Let a(y) = -y**3 + 7*y**2 - 5*y - 4. Let z be a(6). Let q = 10 - -40. Suppose -q - 30 = -z*d. Calculate the remainder when d is divided by 14.
12
Suppose 4*c = -4*a - 8, 2*a - 4*a - 8 = 3*c. Let w(h) = -h**a - 6 + 0 + 3*h + 5. What is the remainder when 2 is divided by w(2)?
0
Suppose -2*b - 23 = -z - 0*z, -2*z + 5*b + 51 = 0. Calculate the remainder when 27 is divided by z.
1
Suppose -6 = -7*q + 22. Calculate the remainder when 6 is divided by q.
2
Let p be 2*(-5)/6*-3. Suppose p*h - 44 - 111 = 0. What is the remainder when h is divided by 16?
15
Calculate the remainder when 25 is divided by (130/(-20))/((-1)/2).
12
Suppose -77 = -3*x - 26. Let z = x + 15. Suppose 5*v + 5*i = -0*i + 35, 37 = 3*v - i. What is the remainder when z is divided by v?
10
Suppose -3*g - x + 20 = 0, 2*x - 17 - 5 = -3*g. Suppose -g*l + 20 = -l. Calculate the remainder when 13 is divided by l.
1
Let p(f) = 5*f + 6. What is the remainder when p(8) is divided by 24?
22
Let y(m) = -m + 6. Let p be y(3). Suppose 2*i + 27 = -p*w + 7*i, -5*i = 0. Calculate the remainder when 33 is divided by (w/18)/((-2)/48).
9
Let y = -22 + 39. Suppose y = 2*g - 21. Let c(s) = 5*s**2 - 4*s - 1. What is the remainder when c(-3) is divided by g?
18
Suppose 2*d = 7*d. Suppose -24 = -d*h - 2*h + k, 0 = 3*h - 5*k - 43. Suppose -5*p + p = -24. What is the remainder when h is divided by p?
5
Let d(f) = 13*f**2 - 15*f - 13. Let v(w) = 7*w**2 - 8*w - 7. Let y(t) = 6*d(t) - 11*v(t). Calculate the remainder when y(6) is divided by 6.
5
Suppose -f + 17 = -0*b - 2*b, 0 = 3*f - 5*b - 47. Let c = f + -7. Calculate the remainder when c is divided by 1.
0
Suppose 5*m + 595 = 3*o, o + 2*m = 4*m + 200. What is the remainder when (8/10)/(4/o) is divided by (0 - -1) + 14 + -2?
12
Let r(u) = u**3 + u**2 + 3*u - 3. Suppose 34 = -4*g + 10. Let o be 0 + g/(-2 + 0). What is the remainder when r(o) is divided by 11?
9
Let h(k) be the second derivative of -7*k**5/20 + k**4/6 - k**3/2 - 3*k**2/2 + k. What is the remainder when h(-2) is divided by 17?
16
Let t = -169 + 187. Calculate the remainder when t is divided by 5.
3
Suppose -a - h + 52 = -2*h, 0 = 2*a + 5*h - 69. Suppose 60 = 5*x + 2*u, 0*x - 3*u = x - 12. What is the remainder when a is divided by x?
11
Suppose 5*m - 65 = -5*v, 4*m - 1 = v + 11. What is the remainder when (-39 + 0)*(-5)/15 is divided by v?
5
Let l(p) = -p**2 + 6*p + 9. Let x be l(7). Suppose -5*w - 17 = 3*k, x*w = 2*k + 3*w + 9. Calculate the remainder when (-17)/(-2)*k/(-2) is divided by 9.
8
Let a = 249 + -147. What is the remainder when a is divided by 28?
18
Calculate the remainder when (119/7)/((5/(-6))/(-5)) is divided by 35.
32
Suppose a - 8 = 5*x, -2*x = 5*a - 9 - 58. Calculate the remainder when 51 is divided by a.
12
Let f = 1 + 3. Calculate the remainder when f is divided by 2.
0
Suppose 3 - 2 = 2*h - 5*j, 3*j = 9. Calculate the remainder when 13 is divided by h.
5
Suppose 0*g - 5*g + 59 = -2*d, 27 = 3*g - 4*d. Suppose 3*m - m = 100. Calculate the remainder when m is divided by g.
11
Let d(y) = 5*y - 35. Calculate the remainder when 58 is divided by d(13).
28
Suppose -3*l - 10 = -2*s, -l = -2*l + 5*s - 25. Suppose l*o - 21 = -3*o. Let u = -5 + 9. Calculate the remainder when o is divided by u.
3
Let h be 0/(-1) - (2 + -4). Let a be ((-10)/(-8))/((-2)/(-8)). Suppose h*k = 11 - a. What is the remainder when 4 is divided by k?
1
Suppose -2*o = 3*c - 110 - 145, 2*c - 522 = -4*o. What is the remainder when o is divided by 45?
42
Suppose -3*q + 135 = 2*q. What is the remainder when q is divided by ((-6 - -10) + -11)*1*-1?
6
Let k = -13 + 22. Calculate the remainder when k is divided by 6.
3
Let u = -12 - -12. Calculate the remainder when (3 - u) + 19 - -2 is divided by 13.
11
Suppose 2*u + 3*y = -3*u + 175, 0 = -5*u + 2*y + 150. What is the remainder when u is divided by 5?
2
Let f = -3 + 5. Suppose 2*l + 0*l - 20 = -4*n, f*n = 5*l - 98. Let x = l - 4. Calculate the remainder when 41 is divided by x.
13
Let g = -68 + 117. Suppose -2*j = -f + 16, -3*f + 6*f + j = 13. Suppose 4*q - 74 = -2*v, -2*q + 3*v + 31 = f. Calculate the remainder when g is divided by q.
15
Let c(n) = 15*n + 1. What is the remainder when (-1)/(0 - -2) + (-190)/(-4) is divided by c(1)?
15
Suppose 6 + 1 = -3*j + v, 0 = -5*j - 4*v + 11. Let g(o) = -18*o**3 - 2*o**2 - o. Let b = -4 - -10. Calculate the remainder when g(j) is divided by b.
5
Let s(i) = 2*i**2 + 112. Calculate the remainder when s(0) is divided by 38.
36
Let z(w) = -w**3 - 3*w**2 + 2*w - 6. Let j be z(-5). Let n = j - 24. What is the remainder when 110/4 - 3/(-6) is divided by n?
8
Suppose -2*u - 2*u = -36. Let v(i) = 3*i + 7. Let d(g) = g. Let m(c) = 5*d(c) - v(c). What is the remainder when m(u) is divided by 3?
2
Let b(d) = 5*d - 7. Calculate the remainder when b(13) is divided by 12.
10
Let w(g) = g + 29. What is the remainder when w(11) is divided by 7?
5
Let r(b) = 4*b**2 + b + 2. Let y(n) = n**2 - 2. Let g be y(0). Let t(o) = 3*o**2 - 1. Calculate the remainder when r(2) is divided by t(g).
9
Let m(s) = -s**2 + s - 1. Let d be m(-3). Let j = d - -18. Let o = j - 3. Calculate the remainder when 3 is divided by o.
1
Suppose 0 = 3*b + 2*b - 55. What is the remainder when 18 is divided by b?
7
Let r(g) = 18*g**2 - 1. What is the remainder when r(2) is divided by 3 - (1 + -13 + -3)?
17
Suppose 95 + 5 = 10*g. What is the remainder when 58 is divided by g?
8
Let m = 98 - 93. Calculate the remainder when 58 is divided by m.
3
Suppose -10*v = -4*v - 72. What is the remainder when v is divided by 8?
4
Let u(p) = -p